{"id":22,"date":"2025-12-10T13:54:21","date_gmt":"2025-12-10T13:54:21","guid":{"rendered":"https:\/\/domaine-anstotz.fr\/?page_id=22"},"modified":"2025-12-11T08:45:30","modified_gmt":"2025-12-11T08:45:30","slug":"liquoreux","status":"publish","type":"page","link":"http:\/\/domaine-anstotz.fr\/index.php\/liquoreux\/","title":{"rendered":"LIQUOREUX"},"content":{"rendered":"\n<h2 class=\"wp-block-heading has-luminous-vivid-orange-color has-text-color has-link-color wp-elements-04dee4f4d7276624276fc53d47888b0f\"><strong>\u00ab&nbsp;<\/strong><strong><em>Vins liquoreux d\u2019exception r\u00e9colt\u00e9s lors des premi\u00e8res gel\u00e9es d\u2019hiver<\/em><\/strong><strong>.&nbsp;\u00bb<\/strong><\/h2>\n\n\n\n<p class=\"has-text-color has-link-color wp-elements-62e498a2d892a84d3827246d850b825c\" style=\"color:#101074\"><strong>Gewurztraminer&nbsp;<\/strong><strong>Glintzberg<\/strong><strong>&nbsp;Vendanges Tardives<\/strong><\/p>\n\n\n\n<p>Vins r\u00e9colt\u00e9 lors des premi\u00e8res gel\u00e9es d\u2019hiver. La robe est jaune or, au nez les ar\u00f4mes de mangue&nbsp;et d\u2019acacia sont tr\u00e8s prononc\u00e9s. La bouche est onctueuse et persistante, domin\u00e9 par des notes de fruits confits le tout port\u00e9 par une acidit\u00e9 remarquable.<br>Id\u00e9al avec un foie gras po\u00eal\u00e9, il se boit en ap\u00e9ritif, lors des grandes occasions ou tout simplement en t\u00eate \u00e0 t\u00eate.<\/p>\n\n\n\n<p class=\"has-text-color has-link-color wp-elements-20375b823b76a1b27e8554c1814333af\" style=\"color:#101074\"><strong>Riesling&nbsp;<\/strong><strong>Westerweingarten<\/strong><strong>&nbsp;Vendanges Tardives<\/strong><\/p>\n\n\n\n<p>Le nez est ouvert tout en finesse, associant la p\u00eache, le coing confit et un zeste d\u2019agrume. L\u2019attaque est ample et concentr\u00e9, soutenue par une magnifique acidit\u00e9 rappelant le citron confit.<br>On l\u2019appr\u00e9ciera avec un foie gras mi-cuit, du magret de canard, un homard ainsi que de tr\u00e8s vieux fromages.<\/p>\n\n\n\n<p class=\"has-text-color has-link-color wp-elements-4a49d0d5c4aab2df25c387c598d32102\" style=\"color:#101074\"><strong>Muscat Vendanges Tardives<\/strong><\/p>\n\n\n\n<p>Le nez est expressif avec des ar\u00f4mes de fruits jaunes et de fruits exotiques comme la grenade. En bouche l\u2019\u00e9quilibre sucre\/acide est bien mari\u00e9. Sur la finale les ar\u00f4mes de muscat sur-m\u00fbri ressortent.&nbsp;C\u2019est un vin que l\u2019on peut boire \u00e0 l\u2019ap\u00e9ritif ou avec une salade de fruits.<\/p>\n\n\n\n<p class=\"has-text-color has-link-color wp-elements-c630fc12dd6374e7f88cd26d82220d5a\" style=\"color:#101074\"><strong>Riesling S\u00e9lections de Grains Nobles<\/strong><\/p>\n\n\n\n<p>Nez tr\u00e8s expressif, p\u00eache, abricot. L\u2019attaque est d\u2019une belle finesse m\u00ealant les ar\u00f4mes de fruits confits et de fruits jaunes, l\u2019acidit\u00e9 est tr\u00e8s longue en fin de bouche, elle prolonge les ar\u00f4mes ressentis au nez.<\/p>\n\n\n\n<p class=\"has-text-color has-link-color wp-elements-8423c66f3919f40b23cbec95efaddd41\" style=\"color:#101074\"><strong>Gewurztraminer S\u00e9lection de Grains Nobles<\/strong><\/p>\n\n\n\n<p>C\u2019est un vin tr\u00e8s riche et liquoreux. Le nez est tr\u00e8s puissant et complexe, on per\u00e7oit des notes de miel, d\u2019abricot et de fruits exotiques. La robe est intense et d\u2019un jaune brillant. En bouche les ar\u00f4mes de fruits exotiques sont tr\u00e8s prononc\u00e9s, mangue, abricot confit. Il se boit \u00e0 merveille avec un foie gras po\u00eal\u00e9 ou tout simplement pour le plaisir de d\u00e9guster un bouquet de senteurs.<\/p>\n\n\n\n<figure class=\"wp-block-gallery has-nested-images columns-default is-cropped wp-block-gallery-1 is-layout-flex wp-block-gallery-is-layout-flex\">\n<figure class=\"wp-block-image size-large\"><img loading=\"lazy\" decoding=\"async\" width=\"1024\" height=\"683\" data-id=\"175\" src=\"https:\/\/domaine-anstotz.fr\/wp-content\/uploads\/2025\/12\/liquoreux-01-1024x683.jpg\" alt=\"\" class=\"wp-image-175\" srcset=\"http:\/\/domaine-anstotz.fr\/wp-content\/uploads\/2025\/12\/liquoreux-01-1024x683.jpg 1024w, http:\/\/domaine-anstotz.fr\/wp-content\/uploads\/2025\/12\/liquoreux-01-300x200.jpg 300w, http:\/\/domaine-anstotz.fr\/wp-content\/uploads\/2025\/12\/liquoreux-01-768x512.jpg 768w, http:\/\/domaine-anstotz.fr\/wp-content\/uploads\/2025\/12\/liquoreux-01-1536x1024.jpg 1536w, http:\/\/domaine-anstotz.fr\/wp-content\/uploads\/2025\/12\/liquoreux-01-272x182.jpg 272w, http:\/\/domaine-anstotz.fr\/wp-content\/uploads\/2025\/12\/liquoreux-01.jpg 1600w\" sizes=\"auto, (max-width: 1024px) 100vw, 1024px\" \/><\/figure>\n\n\n\n<figure class=\"wp-block-image size-large\"><img loading=\"lazy\" decoding=\"async\" width=\"1024\" height=\"683\" data-id=\"176\" src=\"https:\/\/domaine-anstotz.fr\/wp-content\/uploads\/2025\/12\/liquoreux-02-1-1024x683.jpg\" alt=\"\" class=\"wp-image-176\" srcset=\"http:\/\/domaine-anstotz.fr\/wp-content\/uploads\/2025\/12\/liquoreux-02-1-1024x683.jpg 1024w, http:\/\/domaine-anstotz.fr\/wp-content\/uploads\/2025\/12\/liquoreux-02-1-300x200.jpg 300w, http:\/\/domaine-anstotz.fr\/wp-content\/uploads\/2025\/12\/liquoreux-02-1-768x512.jpg 768w, http:\/\/domaine-anstotz.fr\/wp-content\/uploads\/2025\/12\/liquoreux-02-1-1536x1024.jpg 1536w, http:\/\/domaine-anstotz.fr\/wp-content\/uploads\/2025\/12\/liquoreux-02-1-272x182.jpg 272w, http:\/\/domaine-anstotz.fr\/wp-content\/uploads\/2025\/12\/liquoreux-02-1.jpg 1600w\" sizes=\"auto, (max-width: 1024px) 100vw, 1024px\" \/><\/figure>\n\n\n\n<figure class=\"wp-block-image size-large\"><img loading=\"lazy\" decoding=\"async\" width=\"1024\" height=\"683\" data-id=\"177\" src=\"https:\/\/domaine-anstotz.fr\/wp-content\/uploads\/2025\/12\/liquoreux-03-1024x683.jpg\" alt=\"\" class=\"wp-image-177\" srcset=\"http:\/\/domaine-anstotz.fr\/wp-content\/uploads\/2025\/12\/liquoreux-03-1024x683.jpg 1024w, http:\/\/domaine-anstotz.fr\/wp-content\/uploads\/2025\/12\/liquoreux-03-300x200.jpg 300w, http:\/\/domaine-anstotz.fr\/wp-content\/uploads\/2025\/12\/liquoreux-03-768x512.jpg 768w, http:\/\/domaine-anstotz.fr\/wp-content\/uploads\/2025\/12\/liquoreux-03-1536x1024.jpg 1536w, http:\/\/domaine-anstotz.fr\/wp-content\/uploads\/2025\/12\/liquoreux-03-272x182.jpg 272w, http:\/\/domaine-anstotz.fr\/wp-content\/uploads\/2025\/12\/liquoreux-03.jpg 1600w\" sizes=\"auto, (max-width: 1024px) 100vw, 1024px\" \/><\/figure>\n\n\n\n<figure class=\"wp-block-image size-large\"><img loading=\"lazy\" decoding=\"async\" width=\"1024\" height=\"683\" data-id=\"187\" src=\"https:\/\/domaine-anstotz.fr\/wp-content\/uploads\/2025\/12\/LIQUOREUX-05-1024x683.jpg\" alt=\"\" class=\"wp-image-187\" srcset=\"http:\/\/domaine-anstotz.fr\/wp-content\/uploads\/2025\/12\/LIQUOREUX-05-1024x683.jpg 1024w, http:\/\/domaine-anstotz.fr\/wp-content\/uploads\/2025\/12\/LIQUOREUX-05-300x200.jpg 300w, http:\/\/domaine-anstotz.fr\/wp-content\/uploads\/2025\/12\/LIQUOREUX-05-768x512.jpg 768w, http:\/\/domaine-anstotz.fr\/wp-content\/uploads\/2025\/12\/LIQUOREUX-05-1536x1024.jpg 1536w, http:\/\/domaine-anstotz.fr\/wp-content\/uploads\/2025\/12\/LIQUOREUX-05-272x182.jpg 272w, http:\/\/domaine-anstotz.fr\/wp-content\/uploads\/2025\/12\/LIQUOREUX-05.jpg 1600w\" sizes=\"auto, (max-width: 1024px) 100vw, 1024px\" \/><\/figure>\n\n\n\n<figure class=\"wp-block-image size-large\"><img loading=\"lazy\" decoding=\"async\" width=\"1024\" height=\"768\" data-id=\"188\" src=\"https:\/\/domaine-anstotz.fr\/wp-content\/uploads\/2025\/12\/FUT-2025-1024x768.jpg\" alt=\"\" class=\"wp-image-188\" srcset=\"http:\/\/domaine-anstotz.fr\/wp-content\/uploads\/2025\/12\/FUT-2025-1024x768.jpg 1024w, http:\/\/domaine-anstotz.fr\/wp-content\/uploads\/2025\/12\/FUT-2025-300x225.jpg 300w, http:\/\/domaine-anstotz.fr\/wp-content\/uploads\/2025\/12\/FUT-2025-768x576.jpg 768w, http:\/\/domaine-anstotz.fr\/wp-content\/uploads\/2025\/12\/FUT-2025-1536x1152.jpg 1536w, http:\/\/domaine-anstotz.fr\/wp-content\/uploads\/2025\/12\/FUT-2025.jpg 1600w\" sizes=\"auto, (max-width: 1024px) 100vw, 1024px\" \/><\/figure>\n<\/figure>\n","protected":false},"excerpt":{"rendered":"<p>\u00ab&nbsp;Vins liquoreux d\u2019exception r\u00e9colt\u00e9s lors des premi\u00e8res gel\u00e9es d\u2019hiver.&nbsp;\u00bb Gewurztraminer&nbsp;Glintzberg&nbsp;Vendanges Tardives Vins r\u00e9colt\u00e9 lors des premi\u00e8res gel\u00e9es d\u2019hiver. La robe est jaune or, au nez les ar\u00f4mes de mangue&nbsp;et d\u2019acacia sont tr\u00e8s prononc\u00e9s. La bouche est onctueuse et persistante, domin\u00e9 par des notes de fruits confits le tout port\u00e9 par une acidit\u00e9 remarquable.Id\u00e9al avec un [&hellip;]<\/p>\n","protected":false},"author":1,"featured_media":0,"parent":0,"menu_order":0,"comment_status":"closed","ping_status":"closed","template":"page-templates\/page-full-width.php","meta":{"footnotes":""},"class_list":["post-22","page","type-page","status-publish","hentry"],"_links":{"self":[{"href":"http:\/\/domaine-anstotz.fr\/index.php\/wp-json\/wp\/v2\/pages\/22","targetHints":{"allow":["GET"]}}],"collection":[{"href":"http:\/\/domaine-anstotz.fr\/index.php\/wp-json\/wp\/v2\/pages"}],"about":[{"href":"http:\/\/domaine-anstotz.fr\/index.php\/wp-json\/wp\/v2\/types\/page"}],"author":[{"embeddable":true,"href":"http:\/\/domaine-anstotz.fr\/index.php\/wp-json\/wp\/v2\/users\/1"}],"replies":[{"embeddable":true,"href":"http:\/\/domaine-anstotz.fr\/index.php\/wp-json\/wp\/v2\/comments?post=22"}],"version-history":[{"count":3,"href":"http:\/\/domaine-anstotz.fr\/index.php\/wp-json\/wp\/v2\/pages\/22\/revisions"}],"predecessor-version":[{"id":189,"href":"http:\/\/domaine-anstotz.fr\/index.php\/wp-json\/wp\/v2\/pages\/22\/revisions\/189"}],"wp:attachment":[{"href":"http:\/\/domaine-anstotz.fr\/index.php\/wp-json\/wp\/v2\/media?parent=22"}],"curies":[{"name":"wp","href":"https:\/\/api.w.org\/{rel}","templated":true}]}}