{"id":37,"date":"2025-12-10T14:02:31","date_gmt":"2025-12-10T14:02:31","guid":{"rendered":"https:\/\/domaine-anstotz.fr\/?page_id=37"},"modified":"2025-12-11T08:42:49","modified_gmt":"2025-12-11T08:42:49","slug":"vins-de-terroir","status":"publish","type":"page","link":"http:\/\/domaine-anstotz.fr\/index.php\/vins-de-terroir\/","title":{"rendered":"VINS DE TERROIR"},"content":{"rendered":"\n<h2 class=\"wp-block-heading has-luminous-vivid-orange-color has-text-color has-link-color wp-elements-f0eb2b79b812858048655bd9ff8cc250\"><strong>\u00ab&nbsp;<\/strong><strong><em>Vins issus de lieux-dits et principalement&nbsp;de vieilles vignes<\/em><\/strong><strong>.&nbsp;\u00bb<\/strong><\/h2>\n\n\n\n<p class=\"has-text-color has-link-color wp-elements-63adba543c9ecc3439b4be4f1195079d\" style=\"color:#101074\"><strong>Riesling&nbsp;<\/strong><strong>Glintzberg<\/strong><strong>&nbsp;Vieilles vignes<\/strong><\/p>\n\n\n\n<p>Situ\u00e9 sur un plateau avec une l\u00e9g\u00e8re inclinaison Sud, compos\u00e9 de marnes de Keuper rouge riche en fer.&nbsp;La parcelle est vieille de 40 ans, on a donc une maturit\u00e9 plus \u00e9lev\u00e9e et des vins tr\u00e8s expressifs. Au nez le vin est fruit\u00e9 et ouvert, et on per\u00e7oit des ar\u00f4mes de fruits \u00e0 chair blanche (abricot, p\u00eache). En bouche l\u2019attaque est franche et droite, l\u2019acidit\u00e9 est fine et m\u00fbre. C\u2019est un vin qui s\u2019appr\u00e9cie avec des poissons, des viandes blanches ainsi que des fromages de ch\u00e8vre.<\/p>\n\n\n\n<p class=\"has-text-color has-link-color wp-elements-5f960a44b9b022b5c4139bec178886da\" style=\"color:#101074\"><strong>Riesling&nbsp;<\/strong><strong>Westerweingarten<\/strong><\/p>\n\n\n\n<p>Le sol est compos\u00e9 de Marnes blanches du Muschelkalk du Trias. Au nez il est d\u2019une belle intensit\u00e9, rac\u00e9 et droit ; on ressent des ar\u00f4mes de citronnelle et de p\u00eache. D\u2019une belle verticalit\u00e9 soutenue par une acidit\u00e9 m\u00fbre, la fin de bouche s\u2019exprime sur une note min\u00e9rale qui n\u2019attend que de s\u2019exprimer dans le temps. On l\u2019appr\u00e9ciera avec des poissons \u00e0 la nage, du fromage de ch\u00e8vre ainsi qu\u2019un homard.<\/p>\n\n\n\n<p class=\"has-text-color has-link-color wp-elements-e441f1a9c473f212baa2dd7fb86ce1a1\" style=\"color:#101074\"><strong>Gewurztraminer <\/strong><strong>Hinterkirch<\/strong><\/p>\n\n\n\n<p>Il est issu d\u2019un terroir tr\u00e8s qualitatif. Situ\u00e9 sur un sol se r\u00e9chauffant tr\u00e8s vite les raisins profitent d\u2019un ensoleillement maximal. Le nez est puissant sur des notes de fruits exotiques. La bouche est onctueuse avec des notes de litchi et de fruits de la passion, en fin de bouche on ressent un c\u00f4t\u00e9 \u00e9pic\u00e9 qui donne un bel \u00e9quilibre au final. Id\u00e9al en ap\u00e9ritif ou en fin de repas avec des desserts.<\/p>\n\n\n\n<p class=\"has-text-color has-link-color wp-elements-73ae52bf5431f6b85745080c6f79471a\" style=\"color:#101074\"><strong>Pinot Gris <\/strong><strong>Muhlweg <\/strong><strong>2019<\/strong><\/p>\n\n\n\n<p>Vin moelleux, du terroir marno-calcaire avec une fine couverture loessique. Issu de raisins en surmaturation, le nez est g\u00e9n\u00e9reux et intense. L\u2019attaque en bouche est velout\u00e9e et enrob\u00e9e. Ce vin se d\u00e9guste en ap\u00e9ritif, sur des foies gras po\u00eal\u00e9s ou un magret de canard au miel. Un vin id\u00e9al pour \u00e9gayer vos soir\u00e9es conviviales.<\/p>\n\n\n\n<figure class=\"wp-block-gallery has-nested-images columns-default is-cropped wp-block-gallery-1 is-layout-flex wp-block-gallery-is-layout-flex\">\n<figure class=\"wp-block-image size-large\"><img loading=\"lazy\" decoding=\"async\" width=\"1024\" height=\"683\" data-id=\"180\" src=\"https:\/\/domaine-anstotz.fr\/wp-content\/uploads\/2025\/12\/terroir-01-1-1024x683.jpg\" alt=\"\" class=\"wp-image-180\" srcset=\"http:\/\/domaine-anstotz.fr\/wp-content\/uploads\/2025\/12\/terroir-01-1-1024x683.jpg 1024w, http:\/\/domaine-anstotz.fr\/wp-content\/uploads\/2025\/12\/terroir-01-1-300x200.jpg 300w, http:\/\/domaine-anstotz.fr\/wp-content\/uploads\/2025\/12\/terroir-01-1-768x512.jpg 768w, http:\/\/domaine-anstotz.fr\/wp-content\/uploads\/2025\/12\/terroir-01-1-1536x1024.jpg 1536w, http:\/\/domaine-anstotz.fr\/wp-content\/uploads\/2025\/12\/terroir-01-1-272x182.jpg 272w, http:\/\/domaine-anstotz.fr\/wp-content\/uploads\/2025\/12\/terroir-01-1.jpg 1600w\" sizes=\"auto, (max-width: 1024px) 100vw, 1024px\" \/><\/figure>\n\n\n\n<figure class=\"wp-block-image size-large\"><img loading=\"lazy\" decoding=\"async\" width=\"1024\" height=\"683\" data-id=\"181\" src=\"https:\/\/domaine-anstotz.fr\/wp-content\/uploads\/2025\/12\/terroir-02-1024x683.jpg\" alt=\"\" class=\"wp-image-181\" srcset=\"http:\/\/domaine-anstotz.fr\/wp-content\/uploads\/2025\/12\/terroir-02-1024x683.jpg 1024w, http:\/\/domaine-anstotz.fr\/wp-content\/uploads\/2025\/12\/terroir-02-300x200.jpg 300w, http:\/\/domaine-anstotz.fr\/wp-content\/uploads\/2025\/12\/terroir-02-768x512.jpg 768w, http:\/\/domaine-anstotz.fr\/wp-content\/uploads\/2025\/12\/terroir-02-1536x1024.jpg 1536w, http:\/\/domaine-anstotz.fr\/wp-content\/uploads\/2025\/12\/terroir-02-272x182.jpg 272w, http:\/\/domaine-anstotz.fr\/wp-content\/uploads\/2025\/12\/terroir-02.jpg 1600w\" sizes=\"auto, (max-width: 1024px) 100vw, 1024px\" \/><\/figure>\n\n\n\n<figure class=\"wp-block-image size-large\"><img loading=\"lazy\" decoding=\"async\" width=\"1024\" height=\"683\" data-id=\"183\" src=\"https:\/\/domaine-anstotz.fr\/wp-content\/uploads\/2025\/12\/terroir-03-1024x683.jpg\" alt=\"\" class=\"wp-image-183\" srcset=\"http:\/\/domaine-anstotz.fr\/wp-content\/uploads\/2025\/12\/terroir-03-1024x683.jpg 1024w, http:\/\/domaine-anstotz.fr\/wp-content\/uploads\/2025\/12\/terroir-03-300x200.jpg 300w, http:\/\/domaine-anstotz.fr\/wp-content\/uploads\/2025\/12\/terroir-03-768x512.jpg 768w, http:\/\/domaine-anstotz.fr\/wp-content\/uploads\/2025\/12\/terroir-03-1536x1024.jpg 1536w, http:\/\/domaine-anstotz.fr\/wp-content\/uploads\/2025\/12\/terroir-03-272x182.jpg 272w, http:\/\/domaine-anstotz.fr\/wp-content\/uploads\/2025\/12\/terroir-03.jpg 1600w\" sizes=\"auto, (max-width: 1024px) 100vw, 1024px\" \/><\/figure>\n\n\n\n<figure class=\"wp-block-image size-large\"><img loading=\"lazy\" decoding=\"async\" width=\"1024\" height=\"683\" data-id=\"182\" src=\"https:\/\/domaine-anstotz.fr\/wp-content\/uploads\/2025\/12\/terroir-04-1024x683.jpg\" alt=\"\" class=\"wp-image-182\" srcset=\"http:\/\/domaine-anstotz.fr\/wp-content\/uploads\/2025\/12\/terroir-04-1024x683.jpg 1024w, http:\/\/domaine-anstotz.fr\/wp-content\/uploads\/2025\/12\/terroir-04-300x200.jpg 300w, http:\/\/domaine-anstotz.fr\/wp-content\/uploads\/2025\/12\/terroir-04-768x512.jpg 768w, http:\/\/domaine-anstotz.fr\/wp-content\/uploads\/2025\/12\/terroir-04-1536x1024.jpg 1536w, http:\/\/domaine-anstotz.fr\/wp-content\/uploads\/2025\/12\/terroir-04-272x182.jpg 272w, http:\/\/domaine-anstotz.fr\/wp-content\/uploads\/2025\/12\/terroir-04.jpg 1600w\" sizes=\"auto, (max-width: 1024px) 100vw, 1024px\" \/><\/figure>\n\n\n\n<figure class=\"wp-block-image size-large\"><img loading=\"lazy\" decoding=\"async\" width=\"1024\" height=\"683\" data-id=\"185\" src=\"https:\/\/domaine-anstotz.fr\/wp-content\/uploads\/2025\/12\/TERROIR-06-1024x683.jpg\" alt=\"\" class=\"wp-image-185\" srcset=\"http:\/\/domaine-anstotz.fr\/wp-content\/uploads\/2025\/12\/TERROIR-06-1024x683.jpg 1024w, http:\/\/domaine-anstotz.fr\/wp-content\/uploads\/2025\/12\/TERROIR-06-300x200.jpg 300w, http:\/\/domaine-anstotz.fr\/wp-content\/uploads\/2025\/12\/TERROIR-06-768x512.jpg 768w, http:\/\/domaine-anstotz.fr\/wp-content\/uploads\/2025\/12\/TERROIR-06-1536x1024.jpg 1536w, http:\/\/domaine-anstotz.fr\/wp-content\/uploads\/2025\/12\/TERROIR-06-272x182.jpg 272w, http:\/\/domaine-anstotz.fr\/wp-content\/uploads\/2025\/12\/TERROIR-06.jpg 1600w\" sizes=\"auto, (max-width: 1024px) 100vw, 1024px\" \/><\/figure>\n<\/figure>\n","protected":false},"excerpt":{"rendered":"<p>\u00ab&nbsp;Vins issus de lieux-dits et principalement&nbsp;de vieilles vignes.&nbsp;\u00bb Riesling&nbsp;Glintzberg&nbsp;Vieilles vignes Situ\u00e9 sur un plateau avec une l\u00e9g\u00e8re inclinaison Sud, compos\u00e9 de marnes de Keuper rouge riche en fer.&nbsp;La parcelle est vieille de 40 ans, on a donc une maturit\u00e9 plus \u00e9lev\u00e9e et des vins tr\u00e8s expressifs. Au nez le vin est fruit\u00e9 et ouvert, et [&hellip;]<\/p>\n","protected":false},"author":1,"featured_media":0,"parent":0,"menu_order":0,"comment_status":"closed","ping_status":"closed","template":"page-templates\/page-full-width.php","meta":{"footnotes":""},"class_list":["post-37","page","type-page","status-publish","hentry"],"_links":{"self":[{"href":"http:\/\/domaine-anstotz.fr\/index.php\/wp-json\/wp\/v2\/pages\/37","targetHints":{"allow":["GET"]}}],"collection":[{"href":"http:\/\/domaine-anstotz.fr\/index.php\/wp-json\/wp\/v2\/pages"}],"about":[{"href":"http:\/\/domaine-anstotz.fr\/index.php\/wp-json\/wp\/v2\/types\/page"}],"author":[{"embeddable":true,"href":"http:\/\/domaine-anstotz.fr\/index.php\/wp-json\/wp\/v2\/users\/1"}],"replies":[{"embeddable":true,"href":"http:\/\/domaine-anstotz.fr\/index.php\/wp-json\/wp\/v2\/comments?post=37"}],"version-history":[{"count":2,"href":"http:\/\/domaine-anstotz.fr\/index.php\/wp-json\/wp\/v2\/pages\/37\/revisions"}],"predecessor-version":[{"id":186,"href":"http:\/\/domaine-anstotz.fr\/index.php\/wp-json\/wp\/v2\/pages\/37\/revisions\/186"}],"wp:attachment":[{"href":"http:\/\/domaine-anstotz.fr\/index.php\/wp-json\/wp\/v2\/media?parent=37"}],"curies":[{"name":"wp","href":"https:\/\/api.w.org\/{rel}","templated":true}]}}